{"id":4195,"date":"2022-05-21T17:29:13","date_gmt":"2022-05-21T20:29:13","guid":{"rendered":"https:\/\/drfelipealmeida.com.br\/?page_id=4195"},"modified":"2022-05-26T12:24:28","modified_gmt":"2022-05-26T15:24:28","slug":"dor-neuropatica","status":"publish","type":"page","link":"https:\/\/drfelipealmeida.com.br\/index.php\/dor-neuropatica\/","title":{"rendered":"Dor Neurop\u00e1tica"},"content":{"rendered":"<p>[vc_row][vc_column width=&#8221;1\/4&#8243;][vc_single_image image=&#8221;4196&#8243; img_size=&#8221;full&#8221;][\/vc_column][vc_column width=&#8221;3\/4&#8243;][vc_column_text]Como o pr\u00f3prio nome sugere, a dor neurop\u00e1tica \u00e9 aquela relacionada a les\u00e3o de algum, ou alguns nervos espec\u00edficos. Essa les\u00e3o pode ser mec\u00e2nica (ex h\u00e9rnias de disco lombares), qu\u00edmica (ex. hiperglicemia no diabetes) ou da les\u00e3o direta por algum trauma ou agente patol\u00f3gico (dor do membro fantasma, herpes zoster).<\/p>\n<p>Segue um resumo das principais causas:<\/p>\n<h3><strong>NEURALGIA DO TRIG\u00caMEO<\/strong><\/h3>\n<p>A neuralgia do trig\u00eameo \u00e9 uma dor neurop\u00e1tica facial, que se assemelha a um choque el\u00e9trico em parte do rosto. A dor acontece na \u00e1rea de distribui\u00e7\u00e3o do nervo trig\u00eameo e \u00e9 de forte intensidade. A neuralgia do trig\u00eameo \u00e9 mais frequente em idosos, principalmente em diab\u00e9ticos ou com doen\u00e7as cardiovasculares.<\/p>\n<p>A terapia medicamentosa \u00e9 a primeira forma de tratamento indicada para a doen\u00e7a. Se a dor n\u00e3o for controlada podem ser utilizadas t\u00e9cnicas percut\u00e2neas e interven\u00e7\u00e3o cir\u00fargica.<\/p>\n<p>&nbsp;<\/p>\n<h3><strong>NEURALGIA P\u00d3S-HERP\u00c9TICA<\/strong><\/h3>\n<p>A neuralgia p\u00f3s-herp\u00e9tica afeta as fibras nervosas e a pele. Ela \u00e9 causada pelo v\u00edrus varicela (herpes zoster). A dor \u00e9 descrita como uma queima\u00e7\u00e3o profunda e acontece no local afetado pelo herpes, principalmente a regi\u00e3o tor\u00e1cica no trajeto das costelas. Ela \u00e9 mais comum em pessoas acima de 60 anos, podendo durar meses ou anos.<\/p>\n<p>A dor da neuralgia p\u00f3s-herp\u00e9tica \u00e9 tratada com medicamentos como antidepressivos, anticonvulsivantes e pomadas anest\u00e9sicas, al\u00e9m de bloqueios terap\u00eauticos.<\/p>\n<p>&nbsp;<\/p>\n<h3><strong>POLINEUROPATIA<\/strong><\/h3>\n<p>A polineuropatia \u00e9 um dist\u00farbio simult\u00e2neo de diversos nervos perif\u00e9ricos do organismo. As sensa\u00e7\u00f5es causadas pela doen\u00e7a s\u00e3o o formigamento, dorm\u00eancia, queima\u00e7\u00e3o e a incapacidade de sentir vibra\u00e7\u00f5es dos membros e articula\u00e7\u00f5es. A doen\u00e7a pode causar insufici\u00eancia no desenvolvimento motor, inabilidade ou marcha anormal. A polineuropatia pode ser provocada por diabetes, defici\u00eancias nutricionais e altera\u00e7\u00f5es do metabolismo.<\/p>\n<p>O tratamento depende da causa identificada. A doen\u00e7a pode ser tratada com medicamentos e\/ou pequenas cirurgias associados a reabilita\u00e7\u00e3o.<\/p>\n<p>&nbsp;<\/p>\n<h3><strong>DOR EM PACIENTE PARAPL\u00c9GICO<\/strong><\/h3>\n<p>A dor ap\u00f3s a les\u00e3o medular \u00e9 comum entre os pacientes parapl\u00e9gicos. Ela se desenvolve lentamente ap\u00f3s a les\u00e3o medular e depois progride em intensidade e extens\u00e3o. A dor causa movimentos involunt\u00e1rios, repeti\u00e7\u00e3o de contra\u00e7\u00f5es motoras e rigidez muscular.<\/p>\n<p>A doen\u00e7a pode ser tratada com medicamentos e\/ou pequenas cirurgias associados a reabilita\u00e7\u00e3o.<\/p>\n<p>&nbsp;<\/p>\n<h3><strong>DOR NO MEMBRO FANTASMA<\/strong><\/h3>\n<p>\u00c9 aquela dor que acontece no paciente que teve um membro amputado. Acontece em at\u00e9 70% dos pacientes podendo causar limita\u00e7\u00e3o funcional importante e preju\u00edzo \u00e0 qualidade de vida.<\/p>\n<p>Ela pode se iniciar logo ap\u00f3s a amputa\u00e7\u00e3o, mas tamb\u00e9m pode demorar meses a anos.<\/p>\n<p>O tratamento \u00e9 composto por tratamento com medicamentos. Em casos refrat\u00e1rios existem bloqueio anest\u00e9sicos espec\u00edficos. A estimula\u00e7\u00e3o el\u00e9trica nervosa transcut\u00e2nea (TENS),\u00a0acupuntura\u00a0e a estimula\u00e7\u00e3o da medula espinhal tamb\u00e9m podem aliviar a dor.[\/vc_column_text][\/vc_column][\/vc_row]<\/p>\n","protected":false},"excerpt":{"rendered":"<p>[vc_row][vc_column width=&#8221;1\/4&#8243;][vc_single_image image=&#8221;4196&#8243; img_size=&#8221;full&#8221;][\/vc_column][vc_column width=&#8221;3\/4&#8243;][vc_column_text]Como o pr\u00f3prio nome sugere, a dor neurop\u00e1tica \u00e9 aquela relacionada a les\u00e3o de algum, ou alguns nervos espec\u00edficos. Essa les\u00e3o pode ser mec\u00e2nica (ex h\u00e9rnias de disco lombares), qu\u00edmica (ex. hiperglicemia no diabetes) ou da les\u00e3o direta por algum trauma ou agente patol\u00f3gico (dor do membro fantasma, herpes zoster). Segue [&hellip;]<\/p>\n","protected":false},"author":1,"featured_media":0,"parent":0,"menu_order":0,"comment_status":"closed","ping_status":"closed","template":"","meta":{"footnotes":""},"class_list":["post-4195","page","type-page","status-publish","hentry"],"_links":{"self":[{"href":"https:\/\/drfelipealmeida.com.br\/index.php\/wp-json\/wp\/v2\/pages\/4195"}],"collection":[{"href":"https:\/\/drfelipealmeida.com.br\/index.php\/wp-json\/wp\/v2\/pages"}],"about":[{"href":"https:\/\/drfelipealmeida.com.br\/index.php\/wp-json\/wp\/v2\/types\/page"}],"author":[{"embeddable":true,"href":"https:\/\/drfelipealmeida.com.br\/index.php\/wp-json\/wp\/v2\/users\/1"}],"replies":[{"embeddable":true,"href":"https:\/\/drfelipealmeida.com.br\/index.php\/wp-json\/wp\/v2\/comments?post=4195"}],"version-history":[{"count":2,"href":"https:\/\/drfelipealmeida.com.br\/index.php\/wp-json\/wp\/v2\/pages\/4195\/revisions"}],"predecessor-version":[{"id":4293,"href":"https:\/\/drfelipealmeida.com.br\/index.php\/wp-json\/wp\/v2\/pages\/4195\/revisions\/4293"}],"wp:attachment":[{"href":"https:\/\/drfelipealmeida.com.br\/index.php\/wp-json\/wp\/v2\/media?parent=4195"}],"curies":[{"name":"wp","href":"https:\/\/api.w.org\/{rel}","templated":true}]}}