{"id":3717,"date":"2016-09-07T11:48:23","date_gmt":"2016-09-07T11:48:23","guid":{"rendered":"http:\/\/apicona-advanced-data.thememount.com\/?page_id=3717"},"modified":"2022-05-26T12:08:46","modified_gmt":"2022-05-26T15:08:46","slug":"a-dor","status":"publish","type":"page","link":"https:\/\/drfelipealmeida.com.br\/index.php\/a-dor\/","title":{"rendered":"A dor"},"content":{"rendered":"<p>[vc_row css=&#8221;.vc_custom_1455597630732{padding-bottom: 0px !important;}&#8221;][vc_column width=&#8221;1\/4&#8243;][vc_single_image image=&#8221;4158&#8243; img_size=&#8221;full&#8221;][\/vc_column][vc_column width=&#8221;3\/4&#8243;]<div class=\"tm-element-heading-wrapper tm-heading-inner tm-element-align-left  vc_custom_1653161158024\">[vc_cta text=\"O QUE \u00c9 A DOR?\"  h2_google_fonts=\"font_family:Arimo%3Aregular%2Citalic%2C700%2C700italic|font_style:700%20bold%20regular%3A700%3Anormal\"  h4_google_fonts=\"font_family:Lato%3A100%2C100italic%2C300%2C300italic%2Cregular%2Citalic%2C700%2C700italic%2C900%2C900italic|font_style:300%20light%20regular%3A300%3Anormal\"  align=\"left\"  heading_sep=\"no\"  css=\".vc_custom_1653161158024{margin-bottom: -10px !important;}\"  tag=\"h2\"  h2=\"O QUE \u00c9 A DOR?\"  txt_align=\"left\"  i_css_animation=\"\" css_animation=\"\"][\/vc_cta]<\/div> <!-- .tm-element-heading-wrapper container --> <style>.vc_custom_1653161158024{margin-bottom: -10px !important;}<\/style>[vc_column_text]Dor, segundo a Associac\u0327a\u0303o Internacional para o Estudo a Dor, e\u0301 uma experie\u0302ncia sensitiva e emocional desagrada\u0301vel, associada a, ou semelhante \u00e0quela associada a um dano real ou potencial ao tecido. A dor e\u0301, portanto, uma das principais de causas sofrimento fi\u0301sico experimentadas pelo ser humano. Aristo\u0301teles (384 a.C. \u2013 322 a.C.) dizia que \u201co sa\u0301bio na\u0303o e\u0301 aquele que procura o prazer, e\u0301 aquele que evita a dor\u201d.<\/p>\n<p>A capacidade de sentir dor e\u0301 algo fundamental para a sobrevive\u0302ncia de qualquer espe\u0301cie animal. A presenc\u0327a da dor sinaliza que algo esta\u0301 errado. No caso dos animais, isso gera um comportamento protetor (ex. fugir de um predador). No caso dos seres humanos, ale\u0301m de gerar um comportamento protetor, nos leva a procurar ajuda (ex. ir ao me\u0301dico).<\/p>\n<p>Em casos de um grande dano ao corpo (ex. um acidente automobilistico ou uma queda) e em situa\u00e7\u00f5es de danos repetitivos (ex. doen\u00e7as cr\u00f4nicas), a dor pode causar modifica\u00e7\u00f5es nos circuitos nervosos e culminar em um quadro de dor cr\u00f4nica. A dor cr\u00f4nica, ao contr\u00e1rio da aguda, n\u00e3o tem nenhum aspecto positivo nem protetor.<\/p>\n<p>O papel do m\u00e9dico da dor \u00e9 atuar tanto nos quadros agudos, possibilitando seu controle efetivo e evitando a cronifica\u00e7\u00e3o, quanto nos quadros cr\u00f4nicos, onde as diversas terapias existentes propiciam o al\u00edvio e\/ou a resolu\u00e7\u00e3o dos sintomas.[\/vc_column_text][\/vc_column][\/vc_row]<\/p>\n","protected":false},"excerpt":{"rendered":"<p>[vc_row css=&#8221;.vc_custom_1455597630732{padding-bottom: 0px !important;}&#8221;][vc_column width=&#8221;1\/4&#8243;][vc_single_image image=&#8221;4158&#8243; img_size=&#8221;full&#8221;][\/vc_column][vc_column width=&#8221;3\/4&#8243;][vc_column_text]Dor, segundo a Associac\u0327a\u0303o Internacional para o Estudo a Dor, e\u0301 uma experie\u0302ncia sensitiva e emocional desagrada\u0301vel, associada a, ou semelhante \u00e0quela associada a um dano real ou potencial ao tecido. A dor e\u0301, portanto, uma das principais de causas sofrimento fi\u0301sico experimentadas pelo ser humano. Aristo\u0301teles (384 [&hellip;]<\/p>\n","protected":false},"author":1,"featured_media":0,"parent":0,"menu_order":24,"comment_status":"closed","ping_status":"closed","template":"","meta":{"footnotes":""},"class_list":["post-3717","page","type-page","status-publish","hentry"],"_links":{"self":[{"href":"https:\/\/drfelipealmeida.com.br\/index.php\/wp-json\/wp\/v2\/pages\/3717"}],"collection":[{"href":"https:\/\/drfelipealmeida.com.br\/index.php\/wp-json\/wp\/v2\/pages"}],"about":[{"href":"https:\/\/drfelipealmeida.com.br\/index.php\/wp-json\/wp\/v2\/types\/page"}],"author":[{"embeddable":true,"href":"https:\/\/drfelipealmeida.com.br\/index.php\/wp-json\/wp\/v2\/users\/1"}],"replies":[{"embeddable":true,"href":"https:\/\/drfelipealmeida.com.br\/index.php\/wp-json\/wp\/v2\/comments?post=3717"}],"version-history":[{"count":5,"href":"https:\/\/drfelipealmeida.com.br\/index.php\/wp-json\/wp\/v2\/pages\/3717\/revisions"}],"predecessor-version":[{"id":4288,"href":"https:\/\/drfelipealmeida.com.br\/index.php\/wp-json\/wp\/v2\/pages\/3717\/revisions\/4288"}],"wp:attachment":[{"href":"https:\/\/drfelipealmeida.com.br\/index.php\/wp-json\/wp\/v2\/media?parent=3717"}],"curies":[{"name":"wp","href":"https:\/\/api.w.org\/{rel}","templated":true}]}}